ommon factor of 40500 and 45.
45
What is the greatest common factor of 4 and 280?
4
Calculate the greatest common divisor of 280 and 50.
10
What is the greatest common factor of 72 and 9?
9
Calculate the greatest common divisor of 17402 and 14.
14
Calculate the highest common factor of 5809 and 37.
37
Calculate the greatest common divisor of 18 and 11142.
18
Calculate the greatest common factor of 78 and 18.
6
Calculate the highest common factor of 344 and 78088.
344
What is the highest common factor of 1972 and 58?
58
What is the highest common factor of 56 and 406?
14
Calculate the greatest common divisor of 455 and 35.
35
What is the highest common divisor of 1115 and 223?
223
Calculate the greatest common divisor of 48 and 192.
48
Calculate the highest common factor of 855 and 969.
57
Calculate the greatest common divisor of 261 and 464.
29
What is the highest common factor of 117 and 8385?
39
Calculate the greatest common divisor of 124 and 8.
4
Calculate the highest common divisor of 156 and 117.
39
What is the highest common divisor of 90 and 18?
18
What is the greatest common divisor of 875 and 125?
125
Calculate the highest common divisor of 69 and 69.
69
What is the highest common factor of 630 and 468?
18
What is the highest common divisor of 40 and 11940?
20
What is the greatest common divisor of 7956 and 136?
68
What is the highest common factor of 12626 and 472?
118
Calculate the greatest common factor of 170 and 2482.
34
What is the greatest common divisor of 5 and 335?
5
What is the highest common factor of 219 and 3?
3
What is the greatest common divisor of 80 and 1840?
80
What is the greatest common divisor of 156 and 24?
12
Calculate the highest common factor of 7 and 4228.
7
Calculate the greatest common factor of 10 and 10750.
10
Calculate the highest common divisor of 506 and 44.
22
Calculate the highest common factor of 36 and 882.
18
What is the greatest common factor of 144 and 64?
16
What is the highest common factor of 65 and 95?
5
Calculate the greatest common factor of 16 and 176.
16
What is the highest common divisor of 112 and 92512?
112
Calculate the greatest common factor of 40 and 8.
8
Calculate the highest common factor of 258 and 301.
43
What is the highest common divisor of 1893 and 12?
3
Calculate the greatest common divisor of 104 and 69992.
104
What is the highest common factor of 18669 and 127?
127
Calculate the greatest common divisor of 330 and 60.
30
What is the greatest common factor of 7074 and 54?
54
Calculate the highest common factor of 665 and 5510.
95
What is the greatest common factor of 18967 and 26?
13
What is the greatest common divisor of 476 and 68?
68
What is the greatest common factor of 30 and 615?
15
What is the greatest common factor of 60 and 15?
15
What is the highest common divisor of 210 and 3255?
105
Calculate the greatest common divisor of 126 and 1932.
42
What is the highest common divisor of 24 and 600?
24
Calculate the highest common factor of 52 and 9711.
13
What is the highest common factor of 26581 and 19?
19
Calculate the highest common divisor of 1182 and 2561.
197
Calculate the greatest common divisor of 23 and 299.
23
Calculate the highest common factor of 40 and 155.
5
What is the highest common factor of 145 and 5249?
29
Calculate the greatest common factor of 10185 and 70.
35
Calculate the highest common divisor of 48 and 1212.
12
What is the greatest common divisor of 996 and 20?
4
What is the greatest common divisor of 52 and 52?
52
Calculate the greatest common divisor of 136 and 1853.
17
What is the greatest common divisor of 792 and 108?
36
What is the greatest common factor of 604 and 8003?
151
Calculate the highest common divisor of 10 and 85.
5
Calculate the highest common divisor of 38 and 57.
19
What is the greatest common factor of 141 and 2726?
47
What is the greatest common factor of 11 and 649?
11
Calculate the greatest common divisor of 8652 and 70.
14
Calculate the highest common factor of 1134 and 210.
42
What is the greatest common divisor of 38 and 38?
38
What is the highest common factor of 59 and 1357?
59
Calculate the greatest common factor of 224 and 308.
28
What is the highest common divisor of 28 and 308?
28
What is the highest common factor of 50 and 9100?
50
Calculate the greatest common divisor of 280 and 1520.
40
What is the greatest common factor of 27 and 2700?
27
What is the greatest common factor of 899 and 279?
31
Calculate the greatest common divisor of 35 and 56.
7
Calculate the highest common factor of 48 and 3440.
16
What is the highest common factor of 63 and 168?
21
What is the greatest common divisor of 6307 and 238?
119
What is the highest common divisor of 805 and 70?
35
Calculate the highest common factor of 17 and 323.
17
What is the greatest common factor of 25696 and 73?
73
What is the highest common divisor of 2 and 135?
1
Calculate the highest common factor of 336 and 42.
42
What is the highest common factor of 1725 and 225?
75
What is the highest common divisor of 228 and 22268?
76
What is the highest common divisor of 180 and 1380?
60
Calculate the greatest common divisor of 264 and 216.
24
What is the greatest common factor of 28 and 2863?
7
What is the highest common divisor of 4 and 223?
1
Calculate the greatest common divisor of 18 and 11538.
18
Calculate the greatest common factor of 204 and 19482.
102
What is the highest common factor of 14 and 1344?
14
What is the highest common divisor of 245 and 13615?
35
Calculate the greatest common factor of 210 and 2870.
70
What is the highest common divisor of 2288 and 1196?
52
Calculate the highest common divisor of 20 and 230.
10
Calculate the greatest common factor of 108 and 270.
54
Calculate the highest common factor of 93 and 465.
93
Calculate the greatest common divisor of 34 and 136.
34
What is the greatest common divisor of 18 and 9?
9
Calculate the greatest common factor of 170 and 10778.
34
What is the highest common factor of 22 and 31207?
11
Calculate the greatest common factor of 15 and 285.
15
What is the greatest common divisor of 32 and 1008?
16
Calculate the greatest common divisor of 238 and 28.
14
What is the greatest common factor of 44 and 550?
22
What is the greatest common factor of 81 and 558?
9
What is the greatest common factor of 420 and 540?
60
What is the greatest common divisor of 64 and 152?
8
What is the greatest common divisor of 3288 and 24?
24
Calculate the highest common factor of 5024 and 32.
32
What is the greatest common divisor of 799 and 17?
17
What is the highest common divisor of 616 and 34?
2
What is the greatest common factor of 11 and 154?
11
What is the greatest common divisor of 588 and 924?
84
Calculate the highest common divisor of 147 and 126.
21
What is the greatest common factor of 119 and 136?
17
What is the greatest common divisor of 4559 and 47?
47
Calculate the greatest common factor of 172 and 817.
43
What is the greatest common factor of 216 and 21?
3
Calculate the highest common divisor of 348 and 812.
116
Calculate the highest common factor of 14904 and 207.
207
What is the greatest common factor of 22 and 2519?
11
Calculate the greatest common factor of 11 and 121.
11
What is the highest common divisor of 24 and 328?
8
What is the greatest common factor of 11774 and 14?
14
Calculate the highest common divisor of 73 and 219.
73
What is the greatest common divisor of 273 and 14?
7
Calculate the highest common divisor of 3 and 123.
3
Calculate the highest common divisor of 60 and 760.
20
Calculate the highest common divisor of 1032 and 192.
24
What is the highest common divisor of 4413 and 3?
3
Calculate the highest common factor of 2190 and 330.
30
What is the greatest common factor of 20 and 2355?
5
Calculate the greatest common divisor of 132 and 72.
12
Calculate the greatest common factor of 612 and 680.
68
Calculate the greatest common factor of 8 and 356.
4
What is the highest common divisor of 21 and 159?
3
What is the greatest common factor of 3675 and 75?
75
What is the highest common divisor of 200 and 3080?
40
What is the greatest common factor of 250 and 90?
10
Calculate the highest common divisor of 11949 and 84.
21
What is the highest common factor of 15 and 21?
3
Calculate the greatest co